22221
In base 4, what is 1230233201 + -110?
1230233031
In base 4, what is 100201003110311 - -10?
100201003110321
In base 5, what is -142 + -14314132?
-14314324
In base 16, what is -be93d68 + -1?
-be93d69
In base 6, what is -1025331551 + -1?
-1025331552
In base 9, what is 5 + -182685021?
-182685015
In base 11, what is -1 - -1826606?
1826605
In base 11, what is 27688581 + -3?
27688579
In base 2, what is 11101000 - 11001010111001101101?
-11001010110110000101
In base 6, what is -2255125500 - -22?
-2255125434
In base 4, what is 230 - 112201132112?
-112201131222
In base 5, what is 121210 - 102100?
14110
In base 11, what is -106628a5 - 5?
-106628aa
In base 13, what is 1643 - -aa4c?
c392
In base 13, what is -111 - -155cb7?
155ba6
In base 8, what is -517 - -101735?
101216
In base 6, what is -14542222035 - -4?
-14542222031
In base 10, what is 1 + -126830?
-126829
In base 5, what is 420 + 400411220?
400412140
In base 8, what is -4 + 1370622420?
1370622414
In base 6, what is -13 - -154155?
154142
In base 7, what is -1144 - -1435224?
1434050
In base 10, what is -5658893 - -84?
-5658809
In base 11, what is 36 + -2604925?
-260489a
In base 5, what is 10 - 14210230221?
-14210230211
In base 7, what is 0 + 260262424?
260262424
In base 14, what is 16a - -d4?
260
In base 4, what is 130021000 + -1001120?
123013220
In base 8, what is 3544 + 403524?
407270
In base 9, what is 1 - 108000016?
-108000015
In base 13, what is b4 - -29609?
296c0
In base 9, what is 5807131 - -20?
5807151
In base 4, what is -10010320 + -33213?
-10110133
In base 15, what is -7d + -6803?
-6881
In base 11, what is 27729 + -4229?
23500
In base 6, what is -13 - 3134522?
-3134535
In base 14, what is 41406 + 1b?
41423
In base 10, what is 69229246 + 3?
69229249
In base 9, what is -155776 - 5347?
-162234
In base 16, what is 2ff0d - -32?
2ff3f
In base 4, what is 11111 + -123100123?
-123023012
In base 3, what is 102 + 101020100111?
101020100220
In base 9, what is 2048314 - 6?
2048307
In base 10, what is 811921 + -13?
811908
In base 9, what is -82873101 + -3?
-82873104
In base 6, what is 35023 - 344?
34235
In base 5, what is -3 - 1323431323?
-1323431331
In base 14, what is 5 - -7464?
7469
In base 9, what is 3142678 + -70?
3142608
In base 16, what is -76 + bf3a?
bec4
In base 13, what is -2 - c05085b?
-c050860
In base 16, what is e60 + -2256?
-13f6
In base 15, what is -8 - 19eb779?
-19eb782
In base 13, what is 58c47 + 750?
59697
In base 6, what is -15050 - 3112241?
-3131331
In base 11, what is 135 - 25835?
-25700
In base 2, what is -10011011110111011 - 1001?
-10011011111000100
In base 11, what is -192205 - -678?
-191638
In base 15, what is 1161eb + -40?
1161ab
In base 5, what is -10 + 1044124222312?
1044124222302
In base 6, what is -3 - 4213402243?
-4213402250
In base 11, what is -297 - -3563a5?
356109
In base 5, what is 32 + -40204331?
-40204244
In base 11, what is 4 + 2a751295?
2a751299
In base 11, what is 376288 - 136?
376152
In base 9, what is 86 + -618604?
-618507
In base 6, what is -3 - -53331451?
53331444
In base 14, what is 9a3040 - bc?
9a2d62
In base 2, what is -1001000100110001010100111 + 110?
-1001000100110001010100001
In base 3, what is 10002102202021 - -2010?
10002102211101
In base 16, what is 4a6f + -5ec?
4483
In base 9, what is -247237330 + 0?
-247237330
In base 3, what is 1000102022010200 - -2?
1000102022010202
In base 7, what is -4460551 + -2511?
-4463362
In base 15, what is 2 - 58e238?
-58e236
In base 6, what is -5 + -115045400?
-115045405
In base 16, what is -1 - -5c30858?
5c30857
In base 12, what is -12827b + -4?
-128283
In base 16, what is -12325602 - -4?
-123255fe
In base 16, what is -2 - -1a0dd57?
1a0dd55
In base 9, what is 14441 + 1314?
15755
In base 9, what is 1388158 + 8?
1388167
In base 5, what is 2 - -341310412?
341310414
In base 13, what is 1b0289 - -239?
1b04c5
In base 12, what is -4407 + 1a60?
-2567
In base 4, what is -31202130211 - 1?
-31202130212
In base 6, what is -4 - 41215334322?
-41215334330
In base 10, what is 786 - 7680?
-6894
In base 13, what is -13 + -1b1302?
-1b1315
In base 9, what is 43 + 1830523?
1830566
In base 5, what is 12343430 + -343?
12343032
In base 7, what is -2 - 3520415355?
-3520415360
In base 7, what is 446416414 + -12?
446416402
In base 16, what is 0 + -2161fca?
-2161fca
In base 12, what is 130a0064 - b?
130a0055
In base 4, what is 1321213 - 1312210?
3003
In base 9, what is 1784264 - 2?
1784262
In base 5, what is -20312 + -2311?
-23123
In base 16, what is -5 - -9795e35?
9795e30
In base 14, what is -2 + 31b037a?
31b0378
In base 15, what is -74e7b29 - 1?
-74e7b2a
In base 11, what is 0 + -1913161?
-1913161
In base 10, what is -360 + -488139?
-488499
In base 6, what is 50133 + -43541?
2152
In base 5, what is -1031202433 + 110?
-1031202323
In base 11, what is 326 + 128192?
128508
In base 6, what is 1 + -1315110000?
-1315105555
In base 3, what is -1110022110220101 + 10?
-1110022110220021
In base 3, what is -21002022101 - -22122?
-21001222202
In base 5, what is -3203431 - -31022?
-3122404
In base 9, what is 8312 - 30407?
-21085
In base 9, what is -5 - 13425112?
-13425117
In base 13, what is -2c0c23b + 4?
-2c0c237
In base 12, what is 733645 - -46a?
733ab3
In base 13, what is -395 + -111198?
-111560
In base 9, what is 181 - -147204?
147385
In base 5, what is -22044 - -100411?
23312
In base 16, what is 35f54 - -21?
35f75
In base 3, what is 1112210110102000201 + 10?
1112210110102000211
In base 9, what is -58 + -36064?
-36133
In base 9, what is 68617 + 173?
68801
In base 14, what is 434c98 - 16?
434c82
In base 13, what is -138 - -36b09?
369a1
In base 6, what is -12 - -104140031?
104140015
In base 9, what is 455306 + -7?
455288
In base 12, what is 5 - -241a5304?
241a5309
In base 16, what is 675d86e + 2?
675d870
In base 8, what is 521 - -37014?
37535
In base 3, what is -2201021120 + 1102112?
-2122212001
In base 4, what is 102122321332 - -212?
102122322210
In base 11, what is 16706 - -3a?
16745
In base 16, what is 0 + c7f06af?
c7f06af
In base 8, what is 13753 - 5774?
5757
In base 12, what is 52301 + 83b?
52b40
In base 8, what is 35151 - 30?
35121
In base 16, what is -2f732ce - -7?
-2f732c7
In base 11, what is 1 + 6696a19?
6696a1a
In base 12, what is -23b - -213b1?
21172
In base 16, what is 5e0 - -2ba?
89a
In base 9, what is 1 + -7116074?
-7116073
In base 11, what is 823 + 336575?
337298
In base 11, what is -1096 - 104665?
-105750
In base 9, what is 154 - 147527?
-147363
In base 2, what is 100000 + -1101010100111010100?
-1101010100110110100
In base 15, what is -9 - 52a65b?
-52a665
In base 14, what is 651 - -1059?
16aa
In base 5, what is -44202120 - 442?
-44203112
In base 16, what is 7da2eff + -1?
7da2efe
In base 3, what is -101 - -12110222121110221?
12110222121110120
In base 16, what is -3 + 10c1957?
10c1954
In base 6, what is -115411 - -1131?
-114240
In base 8, what is 576203 + -462?
575521
In base 13, what is -75 - -416257?
4161b2
In base 9, what is -52577800 + -15?
-52577815
In base 6, what is -15434352 - 232?
-15435024
In base 5, what is 330044 + 1130424?
2011023
In base 10, what is 245 + -28386?
-28141
In base 3, what is -10 + -10112120221000102?
-10112120221000112
In base 5, what is -1321 + 23342?
22021
In base 4, what is 20202012221132 - -10?
20202012221202
In base 12, what is -3286095 - 1?
-3286096
In base 16, what is -1b5 + -1e3213?
-1e33c8
In base 6, what is -2240304 - 42351?
-2323055
In base 12, what is 1a7b85a + -2b?
1a7b82b
In base 8, what is -60536 - 472?
-61230
In base 3, what is -1221001011 + -21221?
-1221100002
In base 4, what is -11312222121 + 2?
-11312222113
In base 10, what is 3 + -167585861?
-167585858
In base 6, what is -1441 - 20404?
-22245
In base 13, what is -1ca049 + 14?
-1ca035
In base 7, what is -1 + -1505123045?
-1505123046
In base 15, what is 86628c - -2?
86628e
In base 5, what is -3444 - -32041023?
32032024
In base 6, what is -2350212 - 2201?
-2352413
In base 16, what is 5 + 451857b?
4518580
In base 6, what is -543 + 1403454?
1402511
In base 8, what is 710 + -15370?
-14460
In base 10, what is -42678 + 29?
-42649
In base 12, what is -b7856 - -80?
-b7796
In base 7, what is -34654102 + -36?
-34654141
In base 10, what is -83520 + -2455?
-85975
In base 2, what is -11011000000011 - -111001011?
-11010000111000
In base 3, what is -1022 - -